j = -39 - -18. Let x = j - -1. Let o = x + 45. What is the tens digit of o?
2
Let v(n) = n**2 - 7*n + 5. Let b be v(2). What is the units digit of 143 - 1 - (5 + 25/b)?
2
Let b(y) = y**2 + 6*y - 6. Let r(g) = -g**3 + 5*g - 5. Let a(w) = 2*b(w) - 3*r(w). Suppose 5*i = -3*i + 16. What is the tens digit of a(i)?
2
Suppose -67 = -4*w + 6*f - 3*f, -3*w = -4*f - 59. Suppose 11 = 5*p - 4. Let u = w + p. What is the tens digit of u?
1
Let t(n) = -2 + 0 + 20*n**2 - 6*n**2 + n + n**3 - 6*n. What is the tens digit of t(-14)?
6
Let p(a) = 17*a**2 + 3*a + 3. Let s be p(5). Let k = s - 262. What is the tens digit of k?
8
Let l(c) = c**2 - 9*c - 78. Let z be l(14). Let q(n) = n**3 + 10*n**2 - 8*n + 11. What is the units digit of q(z)?
3
Let m = 32 - 32. Suppose p + m = 1. What is the tens digit of 1 + 72/4 + p?
2
Let w be ((-3)/(-4))/((-2)/(-8)*1). Let p(t) = -6*t - 3. Let d be p(-4). Suppose 4*l - 10 = -w*x, 3*x - d - 24 = 3*l. What is the tens digit of x?
1
Let b be 267/6 + (-2)/(-4). What is the units digit of 3 + -3 + b + -1?
4
Let i be 9/(-2)*(-32)/48. Let t(l) = 8*l - 10. Let s be t(i). What is the units digit of 7 - 4 - -1*s?
7
Suppose 2*x = x - 11. Let a(z) = 7*z - 12. Let r be a(4). Let n = r + x. What is the units digit of n?
5
Suppose 61*m - 47*m - 22638 = 0. What is the tens digit of m?
1
Let m(n) = -18*n**3 + 2*n**2 - 43*n - 140. What is the tens digit of m(-7)?
3
Let c(i) = 6 - 4 + 12*i + 2. Let u be c(-2). What is the units digit of ((-1)/2)/(u/2640)?
6
Let w be 1*(3 - 1) + 1. Suppose 3*g - 5*y = 53, 61 = g + 3*g + w*y. What is the tens digit of -9*(2 + g/(-3))?
3
What is the tens digit of ((-50)/6)/(49/(-441))?
7
Let h = -56 - -47. What is the tens digit of (471/(-6))/((h/2)/9)?
5
Let q(b) = b**3 - 9*b**2 - 10*b + 4. Let u be q(10). Suppose 9*c - u*c = -3*d + 178, c - 40 = -5*d. What is the units digit of c?
5
Let q be (-4 + 1)/(-4*6/32). Suppose 2*t = 5*a - 175, -2*a + q*t + 24 = -62. What is the units digit of a?
3
Suppose -3*s = b - 1, -4 - 14 = -5*b - 2*s. Let h(a) = 17*a**2 - a - 3. What is the units digit of h(b)?
5
Let t be (-254)/(-8) - (-1)/4. Let s = 35 - 32. Suppose a = 3*o - t, -s*a + 30 = -2*o + 7*o. What is the units digit of o?
9
Suppose -4*x + 7 = 19. Let a be 7 + 3 + x/3. Let d = a - 2. What is the units digit of d?
7
Let c = 91 - 43. Suppose -p = 5*j - c, 5*p - 265 + 73 = -j. Let y = p + -19. What is the tens digit of y?
1
Let c(i) = i**2 - 4*i + 4. Let m be c(4). Suppose 1 + 55 = m*u. Let o = 4 + u. What is the units digit of o?
8
Suppose -778*o = -769*o - 31977. What is the units digit of o?
3
Let d be ((2 - -5)*-1)/(1/(-31)). Let t = 307 - d. What is the tens digit of t?
9
Let f(a) be the second derivative of -2*a**3/3 - 7*a**2 + 6*a. Let b be f(-6). What is the units digit of -1*(3 - b) - 3?
4
Let f = 539 + -144. What is the hundreds digit of f?
3
Let p(g) = 3*g**2 + 25*g - 137. What is the hundreds digit of p(9)?
3
What is the units digit of (-4 - -10)*(-51)/(-27)*39?
2
Suppose 5*a = a + 16. Suppose -6 = -3*i + 4*u + 13, -a*i - 2*u = -40. What is the units digit of 24 + (3 - (-3 + i))?
1
Let b(w) = -4 + 0*w + 2 + w**2 - w - 5*w. Let l be b(6). Let u(k) = 6*k**2 + 3*k + 3. What is the tens digit of u(l)?
2
Suppose 2*o + 5 + 4 = 3*c, -o + 5*c = 15. Suppose 0*q + 3*q - 225 = o. Suppose -t = 4*l - 40 + 10, t = 5*l + q. What is the tens digit of t?
5
Suppose 5*y = 2*z - 337, 5*z + y = -y + 828. Let x = z - 63. Let k = x + -56. What is the units digit of k?
7
Suppose 429 = 5*c + 145*z - 142*z, -2*c - 2*z = -174. What is the units digit of c?
4
Suppose -487 = -2*w + l - 0*l, -1212 = -5*w - 3*l. What is the hundreds digit of w?
2
Suppose -39 = -3*j + 12. Let t(y) = -y**3 + 18*y**2 - 14*y - 11. What is the tens digit of t(j)?
4
Suppose 0 = -71*g + 27*g + 220. Let a be (-346)/(-14) - 4/(-14). Suppose -p - 9 = -s - 0*s, p + a = g*s. What is the units digit of s?
4
Suppose -2*i = 4 - 2. Let w be ((-4165)/(-51))/(i/(-3)). Suppose -13*p = -18*p + w. What is the tens digit of p?
4
Let x = 34 + -38. Let n(f) = 2 - 3*f - 3 - 4*f. What is the units digit of n(x)?
7
Suppose 5*p - 354 + 54 = 0. Suppose 0 = -k - k - p. What is the units digit of ((-3)/(-5))/((-2)/k)?
9
Suppose -2*q + 4 = 16. What is the tens digit of -6*2/(-4)*(q - -21)?
4
Let m(o) = o**3 + 2*o**2. Let g be m(-2). Suppose 3*y - 5 = 8*y, g = 3*c + 3*y - 138. Suppose -4*f = -159 + c. What is the tens digit of f?
2
Let c be (2 + 0 - -6)/(-1). Let b(o) = 3*o**2 + 9*o - 3. What is the units digit of b(c)?
7
Let g(z) be the third derivative of -z**6/120 + z**5/30 + 5*z**4/24 - 2*z**3/3 - 3*z**2. Let k be g(-4). Suppose -3 = -5*r + k. What is the units digit of r?
5
Let q be 4 + 1*(-15 + -3). Let n = 15 + q. Suppose -4*k + n + 3 = 0. What is the units digit of k?
1
Let g(v) = v - 4. Let w be g(8). Suppose -2*m + w*c = 5*c - 8, m - c = 1. Suppose -m*u + 118 = t, 5*u - 102 = 3*t + 104. What is the units digit of u?
0
Let w = 19 + -31. Let k = w - -6. Let m = k + 23. What is the units digit of m?
7
Let r be ((-30)/(-4))/((-2)/(-12) + 0). Let j = r + -23. What is the tens digit of j?
2
Let h(y) be the first derivative of -7*y**2/2 + y - 1. Let r = -299 - -296. What is the units digit of h(r)?
2
Suppose 2171*y - 2170*y = 1480. What is the thousands digit of y?
1
Let y be (2 + (-56)/21)/(2/381). Let g = -95 - y. What is the units digit of g?
2
Let z = -444 + 1115. What is the units digit of z?
1
Suppose -5*p = -2*o - 1906, 5*o + 1900 = -2*p + 7*p. What is the hundreds digit of p?
3
Suppose -3*i + 67 + 2 = 0. Let s = 15 - i. Let v = s - -9. What is the units digit of v?
1
Suppose -9 - 3 = -4*f. Let t(i) = 2*i**2 - 4*i - 1. Let p be t(f). Suppose -36 = p*s - 101. What is the tens digit of s?
1
Suppose -5*c = 28 - 98. Let l = 21 + c. Let z = l - 4. What is the units digit of z?
1
Suppose 0 = 4*j - 3*p + 13, 3*p + 3 = -0*p. What is the units digit of (-342)/4*j/6?
7
Suppose -4*s = k - 0*k - 366, 792 = 2*k - 4*s. What is the tens digit of k?
8
Suppose 2*l - 3*m - 4 = -28, 48 = -4*l - 4*m. Let n = -11 - l. What is the tens digit of (20/(-7))/(n/(-7))?
2
Let m be (-2)/(-2 - 144/(-69)). Let y = 153 - m. What is the hundreds digit of y?
1
Let u(k) = -2*k**3 - 7*k**2 - 6*k + 7. Let f be u(-5). Suppose 4*t = -f + 300. What is the units digit of t?
7
Suppose 11 = 5*j - 54. What is the units digit of j?
3
Suppose 6 = -v + 4*v. Suppose -5*a + 8 = -v. Suppose 23 = 2*l + h - 3, a*h + 8 = l. What is the tens digit of l?
1
Let h(b) = 21*b + 27. Let l(y) = -y**2 + y. Let m(t) = h(t) - l(t). What is the units digit of m(-21)?
8
Suppose -3*w - 2*w + 85 = 0. Let y = w - 14. Suppose y*p = 100 + 47. What is the tens digit of p?
4
Let v = 14 - 22. Let u be (-2)/v - 693/(-12). What is the tens digit of -2 - ((-2)/1 - u)?
5
Let p(k) = 11*k - 10*k - 6*k - 49 + 50. Suppose -j + 0*j = 9. What is the tens digit of p(j)?
4
Suppose 49*u - 2838 = 43*u. What is the hundreds digit of u?
4
Let h = 28 + -55. Let f = h + 42. What is the tens digit of f?
1
Let a(u) = u**3 + u + 59. Suppose -5*s - 2*j - 7 = -1, -s = 4*j + 12. What is the tens digit of a(s)?
5
Suppose 5*o - 4*g + 644 = 0, -3*g - 409 = -5*o - 1052. Let b = o + 194. What is the units digit of b?
6
Let c = 7642 + -5390. What is the thousands digit of c?
2
Let t be (-2)/6 + (-4 - (-6)/18). What is the hundreds digit of (0 - 17)/(t/40)?
1
Suppose 6*p = 41 + 19. Let n = 76 + p. What is the units digit of n?
6
Let k = -160 + 29. Let u = k + 227. What is the units digit of u?
6
Suppose 65205 = -14*v + 129*v. What is the hundreds digit of v?
5
Let o = 248 - -620. What is the tens digit of o?
6
Suppose p + 10 = 51. What is the units digit of p?
1
Let r(m) be the third derivative of -23*m**6/60 - m**4/24 - m**3/6 - 2*m**2. Let z be r(-1). Suppose -5*j = -z - 19. What is the units digit of j?
3
Let v(n) = 14*n**2 - 14*n + 33. What is the units digit of v(4)?
1
Suppose -n + 1 = -3. Let i(d) = 1 + 2*d + 1 + n*d. What is the tens digit of i(4)?
2
What is the hundreds digit of (8/(-12))/(8/(-12444))?
0
Suppose 0 = 3*l - 15, -4*b + 0*b - 3 = -3*l. Suppose 0 = b*f - 3*x - 72, -3*f = f - 3*x - 97. What is the tens digit of f?
2
Suppose 3*k + 552 = 6*k. Suppose -4*n + 164 = -4*a, a = -5*n + n + k. What is the tens digit of n?
4
Let r(a) = -16*a + 1. Let s be r(1). Let i = -5 